igit of 817553317?
1
What is the millions digit of 607536454?
7
What is the ten thousands digit of 2213019519?
1
What is the ten thousands digit of 618711569?
1
What is the tens digit of 901336652?
5
What is the hundreds digit of 1115345308?
3
What is the hundreds digit of 1191005979?
9
What is the hundred millions digit of 2417186622?
4
What is the hundred thousands digit of 4055668601?
6
What is the units digit of 3442706705?
5
What is the hundred millions digit of 775937003?
7
What is the ten thousands digit of 55703815?
0
What is the thousands digit of 8025724?
5
What is the ten millions digit of 356313701?
5
What is the thousands digit of 785763088?
3
What is the hundred thousands digit of 12261433?
2
What is the ten thousands digit of 1302766176?
6
What is the hundred millions digit of 291736324?
2
What is the ten thousands digit of 84861850?
6
What is the tens digit of 5708219937?
3
What is the ten millions digit of 379286963?
7
What is the thousands digit of 11575503?
5
What is the thousands digit of 3539313866?
3
What is the ten millions digit of 354155920?
5
What is the units digit of 17679919?
9
What is the ten thousands digit of 598232566?
3
What is the ten thousands digit of 180515464?
1
What is the thousands digit of 526910023?
0
What is the ten thousands digit of 1498169678?
6
What is the ten thousands digit of 14305313?
0
What is the tens digit of 40574877?
7
What is the tens digit of 433763022?
2
What is the units digit of 3118249997?
7
What is the hundred thousands digit of 512189997?
1
What is the hundred millions digit of 117490205?
1
What is the hundred thousands digit of 41631775?
6
What is the hundred millions digit of 2099638427?
0
What is the hundreds digit of 58938505?
5
What is the billions digit of 3573123808?
3
What is the hundred thousands digit of 2030573073?
5
What is the units digit of 2291355236?
6
What is the hundred thousands digit of 380068247?
0
What is the tens digit of 228260581?
8
What is the millions digit of 756331964?
6
What is the millions digit of 71105770?
1
What is the ten millions digit of 637617570?
3
What is the tens digit of 26757137?
3
What is the billions digit of 2556483431?
2
What is the units digit of 1414998817?
7
What is the ten millions digit of 30599812?
3
What is the tens digit of 505538651?
5
What is the hundred millions digit of 517369748?
5
What is the units digit of 2856761569?
9
What is the ten millions digit of 564921771?
6
What is the hundred millions digit of 268597630?
2
What is the units digit of 28837313?
3
What is the tens digit of 60029633?
3
What is the ten millions digit of 75590964?
7
What is the units digit of 19415311?
1
What is the hundreds digit of 1196916069?
0
What is the billions digit of 1593066444?
1
What is the thousands digit of 281322523?
2
What is the units digit of 561971740?
0
What is the ten millions digit of 138695741?
3
What is the hundred thousands digit of 1359243059?
2
What is the hundred millions digit of 1322979228?
3
What is the units digit of 249269263?
3
What is the hundred thousands digit of 10587961?
5
What is the billions digit of 1186920826?
1
What is the millions digit of 191292085?
1
What is the ten millions digit of 780457914?
8
What is the units digit of 41465684?
4
What is the ten thousands digit of 51313823?
1
What is the hundred millions digit of 415580541?
4
What is the hundreds digit of 2017125167?
1
What is the hundred millions digit of 192090500?
1
What is the hundreds digit of 191611492?
4
What is the millions digit of 26250349?
6
What is the tens digit of 127114783?
8
What is the tens digit of 215171163?
6
What is the millions digit of 901799792?
1
What is the ten thousands digit of 1359466290?
6
What is the millions digit of 96343859?
6
What is the hundreds digit of 55559599?
5
What is the thousands digit of 3894623049?
3
What is the ten millions digit of 88080351?
8
What is the thousands digit of 67665297?
5
What is the tens digit of 194479565?
6
What is the hundred thousands digit of 223076940?
0
What is the hundred millions digit of 119231243?
1
What is the hundred millions digit of 133244807?
1
What is the ten thousands digit of 769395860?
9
What is the tens digit of 15559149?
4
What is the units digit of 3735845595?
5
What is the hundred millions digit of 223297886?
2
What is the millions digit of 20624216?
0
What is the hundred thousands digit of 638906564?
9
What is the ten thousands digit of 183266126?
6
What is the ten millions digit of 2586379537?
8
What is the ten millions digit of 43611902?
4
What is the millions digit of 97908996?
7
What is the thousands digit of 131785837?
5
What is the thousands digit of 34256012?
6
What is the millions digit of 405096283?
5
What is the hundreds digit of 1103056589?
5
What is the millions digit of 91205849?
1
What is the tens digit of 39429967?
6
What is the billions digit of 1462886685?
1
What is the hundreds digit of 528491465?
4
What is the hundreds digit of 630510321?
3
What is the tens digit of 46024421?
2
What is the tens digit of 460026205?
0
What is the units digit of 21688207?
7
What is the ten millions digit of 53949696?
5
What is the millions digit of 444016358?
4
What is the hundred thousands digit of 54354975?
3
What is the ten thousands digit of 2777278713?
7
What is the billions digit of 1380273858?
1
What is the units digit of 165311895?
5
What is the ten thousands digit of 210297267?
9
What is the tens digit of 1199227906?
0
What is the hundreds digit of 81572263?
2
What is the units digit of 721304870?
0
What is the thousands digit of 2469639901?
9
What is the hundreds digit of 166697136?
1
What is the hundred millions digit of 339713808?
3
What is the hundred millions digit of 169831249?
1
What is the tens digit of 30462910?
1
What is the thousands digit of 36069186?
9
What is the hundred thousands digit of 573732275?
7
What is the hundred millions digit of 992271668?
9
What is the ten millions digit of 86779186?
8
What is the thousands digit of 42581588?
1
What is the ten millions digit of 153473770?
5
What is the ten thousands digit of 69234604?
3
What is the thousands digit of 6898705?
8
What is the ten millions digit of 22984039?
2
What is the hundred thousands digit of 4456133820?
1
What is the hundred millions digit of 3578680361?
5
What is the millions digit of 4551026936?
1
What is the ten millions digit of 1512030178?
1
What is the thousands digit of 314810961?
0
What is the units digit of 332604812?
2
What is the hundred thousands digit of 128258471?
2
What is the tens digit of 75407693?
9
What is the tens digit of 119917326?
2
What is the units digit of 441404834?
4
What is the millions digit of 23024540?
3
What is the thousands digit of 1118913990?
3
What is the hundred millions digit of 198834326?
1
What is the millions digit of 9555376?
9
What is the hundreds digit of 95167932?
9
What is the units digit of 395294580?
0
What is the ten millions digit of 1372697934?
7
What is the ten thousands digit of 3243053559?
5
What is the units digit of 2597743605?
5
What is the millions digit of 205855902?
5
What is the hundred thousands digit of 10379999?
3
What is the ten millions digit of 39884469?
3
What is the hundred thousands digit of 2633902382?
9
What is the hundreds digit of 12821773?
7
What is the hundred millions digit of 537885933?
5
What is the hundred thousands digit of 76546048?
5
What is the units digit of 9511463?
3
What is the hundred thousands digit of 194731268?
7
What is the hundred thousands digit of 146787695?
7
What is the billions digit of 1293695887?
1
What is the tens digit of 9167101?
0
What is the millions digit of 601136466?
1
What is the tens digit of 667215288?
8
What is the hundred thousands digit of 3857841935?
8
What is the hundreds digit of 228725051?
0
What is the hundred millions digit of 1009145857?
0
What is the ten millions digit of 104710902?
0
What is the hundred thousands digit of 34534985?
5
What is the units digit of 3401422689?
9
What is the hundreds digit of 2591730179?
1
What is the ten thousands digit of 97288047?
8
What is the thousands digit of 206938023?
8
What is the millions digit of 171573183?
1
What is the millions digit of 225820484?
5
What is the hundreds digit of 35647062?
0
What is the ten